{"id":92,"date":"2020-03-17T07:09:43","date_gmt":"2020-03-17T07:09:43","guid":{"rendered":"https:\/\/demosites.io\/travel-gb\/?page_id=92"},"modified":"2021-11-03T17:45:06","modified_gmt":"2021-11-03T17:45:06","slug":"1169e-home","status":"publish","type":"page","link":"https:\/\/englishagile.com.br\/home\/","title":{"rendered":"Home"},"content":{"rendered":"\n<section class=\"wp-block-themeisle-blocks-advanced-columns alignfull has-1-columns has-desktop-equal-layout has-tablet-equal-layout has-mobile-equal-layout has-nogap-gap has-vertical-flex-start animated fadeIn\" id=\"wp-block-themeisle-blocks-advanced-columns-b782522f\"><div class=\"wp-block-themeisle-blocks-advanced-columns-overlay\"><\/div><div class=\"innerblocks-wrap\">\n<div class=\"wp-block-themeisle-blocks-advanced-column\" id=\"wp-block-themeisle-blocks-advanced-column-3a1d1065\">\n<section class=\"wp-block-themeisle-blocks-advanced-columns has-1-columns has-desktop-equal-layout has-tablet-equal-layout has-mobile-equal-layout has-nogap-gap has-vertical-flex-start\" id=\"wp-block-themeisle-blocks-advanced-columns-4b2cb90c\"><div class=\"wp-block-themeisle-blocks-advanced-columns-overlay\"><\/div><div class=\"innerblocks-wrap\">\n<div class=\"wp-block-themeisle-blocks-advanced-column\" id=\"wp-block-themeisle-blocks-advanced-column-a4b980cb\">\n<div class=\"wp-block-columns is-layout-flex wp-container-core-columns-is-layout-8f761849 wp-block-columns-is-layout-flex\">\n<div class=\"wp-block-column is-layout-flow wp-block-column-is-layout-flow\">\n<h2 class=\"animated bounceInLeft has-nv-site-bg-color has-text-color wp-block-heading\" id=\"nice-to-meet-you\"><meta charset=\"utf-8\"><strong>Nice&nbsp;to&nbsp;meet you!<\/strong><\/h2>\n<\/div>\n\n\n\n<div class=\"wp-block-column is-layout-flow wp-block-column-is-layout-flow\">\n<div id=\"section-g41018b\" class=\"wp-block-gutentor-e6 section-g41018b gutentor-element gutentor-element-image animated fadeIn\"><div class=\"gutentor-element-image-box\"><div class=\"gutentor-image-thumb\"><img decoding=\"async\" class=\"normal-image\" src=\"https:\/\/englishagile.com.br\/home\/wp-content\/uploads\/2021\/10\/computados.png\" \/><\/div><\/div><\/div>\n<\/div>\n<\/div>\n\n\n\n<div class=\"wp-block-columns is-layout-flex wp-container-core-columns-is-layout-8f761849 wp-block-columns-is-layout-flex\">\n<div class=\"wp-block-column is-layout-flow wp-block-column-is-layout-flow\">\n<h2 class=\"animated bounceInLeft has-nv-site-bg-color has-text-color wp-block-heading\"><meta charset=\"utf-8\"><strong>Prazer em conhec\u00ea-l@!<\/strong><\/h2>\n<\/div>\n\n\n\n<div class=\"wp-block-column is-layout-flow wp-block-column-is-layout-flow\">\n<div id=\"section-g550c40\" class=\"wp-block-gutentor-e6 section-g550c40 gutentor-element gutentor-element-image text-align-left-desktop animated bounceInRight\"><div class=\"gutentor-element-image-box\"><div class=\"gutentor-image-thumb\"><img decoding=\"async\" class=\"normal-image\" src=\"https:\/\/englishagile.com.br\/home\/wp-content\/uploads\/2021\/10\/maos_dadas2.png\" \/><\/div><\/div><\/div>\n<\/div>\n<\/div>\n\n\n\n<div class=\"wp-block-columns is-layout-flex wp-container-core-columns-is-layout-8f761849 wp-block-columns-is-layout-flex\">\n<div class=\"wp-block-column is-layout-flow wp-block-column-is-layout-flow\">\n<div id=\"section-g642aa2\" class=\"wp-block-gutentor-e6 section-g642aa2 gutentor-element gutentor-element-image animated bounceInDown\"><div class=\"gutentor-element-image-box\"><div class=\"gutentor-image-thumb\"><img decoding=\"async\" class=\"normal-image\" src=\"https:\/\/englishagile.com.br\/home\/wp-content\/uploads\/2021\/10\/alto_falante.png\" \/><\/div><\/div><\/div>\n<\/div>\n\n\n\n<div class=\"wp-block-column is-layout-flow wp-block-column-is-layout-flow\" style=\"flex-basis:500px\">\n<p class=\"animated bounce has-nv-site-bg-color has-text-color wp-block-paragraph\">A English Agile \u00e9 uma escola de ingl\u00eas&nbsp; <em>on line<\/em> que nasceu com o prop\u00f3sito de&nbsp; conex\u00e3o entre tutores e alunos, o famoso \u201cmatch\u201d de aprendizado.<\/p>\n\n\n\n<p class=\"animated bounce has-nv-site-bg-color has-text-color wp-block-paragraph\">&nbsp;Somos uma comunidade onde se ensina e se aprende ingl\u00eas de forma inclusiva propiciando a jovens e adultos um ambiente de pluralidade e diversidade, para n\u00f3s o aprendizado n\u00e3o tem limites quer seja em aulas individuais ou em aulas abertas.<\/p>\n<\/div>\n<\/div>\n\n\n\n<p class=\"has-nv-site-bg-color has-text-color wp-block-paragraph\">Na English Agile todos os alunos t\u00eam direito de fala!<\/p>\n\n\n\n<p class=\"has-nv-site-bg-color has-text-color wp-block-paragraph\">Unimos de maneira \u00e1gil <em>students <\/em>para falar de diferentes temas de interesse, s\u00e3o as chamadas \u201c<em>joint classes<\/em>\u201d, proporcionamos <em>song classes<\/em> (aulas com can\u00e7\u00f5es) e incentivamos o networking.<\/p>\n\n\n\n<p class=\"ticss-db2dd9e7 animated fadeIn has-nv-site-bg-color has-text-color wp-block-paragraph\" style=\"font-size:25px\">ACREDITE, voc\u00ea sempre pode esbarrar em algu\u00e9m legal nos nossos corredores virtuais.&nbsp;<\/p>\n\n\n\n<p class=\"animated bounceInRight has-nv-site-bg-color has-text-color wp-block-paragraph\">Aqui, o ingl\u00eas \u00e9 <strong>CONECTADO<\/strong>!<\/p>\n\n\n\n<p class=\"has-nv-site-bg-color has-text-color wp-block-paragraph\">#Togetherwecan<\/p>\n<\/div>\n<\/div><\/section>\n<\/div>\n<\/div><\/section>\n\n\n\n<h6 class=\"has-text-align-center has-nv-site-bg-color has-text-color wp-block-heading\" id=\"cursos_treinamentos\">_<\/h6>\n\n\n\n<section id=\"section-bf70f2df-1ce5-4c7c-9113-840e857d57b7\" class=\"wp-block-gutentor-accordion gutentor-section gutentor-accordion-wrapper accordion-template1\"><div class=\"grid-container\"><div class=\"gutentor-block-header\"><div class=\"gutentor-section-title enable-title-design seperator-bottom text-center\"><h2 class=\"gutentor-title\"><strong>Cursos e treinamentos<\/strong><\/h2><\/div><\/div><div class=\"grid-row gutentor-grid-item-wrap wow animated slideInUp\" data-wow-animation=\"slideInUp\" data-wow-iteration=\"1\"><div class=\"grid-md-12\"><div class=\"gutentor-accordion-wrap\"><div class=\"gutentor-single-item gutentor-single-item-0\"><div class=\"gutentor-single-item-wrap\"><div class=\"gutentor-accordion-heading\"><i class=\"gutentor-accordion-icon open-icon fas fa-plus\"><\/i><i class=\"gutentor-accordion-icon close-icon fas fa-minus\"><\/i><h3 class=\"gutentor-single-item-title\"><strong>Aulas particulares ou em duplas*<\/strong><\/h3><\/div><div class=\"gutentor-accordion-body\"><p class=\"gutentor-single-item-desc\">&#8211; <strong>REGULARES:<\/strong> Desde a alfabetiza\u00e7\u00e3o at\u00e9 o avan\u00e7ado. Acredite, s\u00e3o aulas que d\u00e3o um salto para a flu\u00eancia onde sempre abordamos temas que engajam os alunos. Utilizamos materiais Cambridge e uma s\u00e9rie de outros recursos que o universo digital pode proporcionar!<br><br>&#8211; BUSINESS: Para alunos que j\u00e1 s\u00e3o fluentes e querem\u00a0 aprimorar o ingl\u00eas para sua profiss\u00e3o e em especial a \u00e1rea de neg\u00f3cios. Aulas para alunos que sabem que \u201ctrabalhar\u201d em ingl\u00eas, \u00e9 muito mais do que apenas falar o idioma. Utilizamos materiais especiais\u00a0 Cambridge e din\u00e2micas corporativas em discuss\u00f5es que v\u00e3o de tend\u00eancias de comportamento \u00e0 economia.<br><br>* As duplas podem ser formadas pelos alunos ou de acordo com a possibilidade de duplas compat\u00edveis catalogadas pela English Agile.\u00a0<br><br><\/p><\/div><\/div><\/div><\/div><div class=\"gutentor-accordion-wrap\"><div class=\"gutentor-single-item gutentor-single-item-1\"><div class=\"gutentor-single-item-wrap\"><div class=\"gutentor-accordion-heading\"><i class=\"gutentor-accordion-icon open-icon fas fa-plus\"><\/i><i class=\"gutentor-accordion-icon close-icon fas fa-minus\"><\/i><h3 class=\"gutentor-single-item-title\"><strong>Preparat\u00f3rio IELTS<\/strong><\/h3><\/div><div class=\"gutentor-accordion-body\"><p class=\"gutentor-single-item-desc\">Preparamos alunos para a prova Ielts, uma prova que abre portas para um mundo que se conecta em ingl\u00eas. Ielts \u00e9 um exame de Cambridge e \u00e9 aceito pelas melhores institui\u00e7\u00f5es ao redor do globo a n\u00edvel profissional, acad\u00eamico e de imigra\u00e7\u00e3o.<\/p><\/div><\/div><\/div><\/div><div class=\"gutentor-accordion-wrap\"><div class=\"gutentor-single-item gutentor-single-item-2\"><div class=\"gutentor-single-item-wrap\"><div class=\"gutentor-accordion-heading\"><i class=\"gutentor-accordion-icon open-icon fas fa-plus\"><\/i><i class=\"gutentor-accordion-icon close-icon fas fa-minus\"><\/i><h3 class=\"gutentor-single-item-title\"><strong>Preparat\u00f3rio para entrevistas e meetings<\/strong><\/h3><\/div><div class=\"gutentor-accordion-body\"><p class=\"gutentor-single-item-desc\">Sejam entrevistas ou meetings\u00a0 profissionais, de estudos ou relacionados a imigra\u00e7\u00e3o, elaboramos um suporte customizado para cada pessoa de maneira que ele se expresse de maneira clara e engajada, falando sobre seus pontos fortes e objetivos de maneira \u00e1gil e adequada.<br>\u00a0Acreditamos no seu potencial!<br><\/p><\/div><\/div><\/div><\/div><div class=\"gutentor-accordion-wrap\"><div class=\"gutentor-single-item gutentor-single-item-3\"><div class=\"gutentor-single-item-wrap\"><div class=\"gutentor-accordion-heading\"><i class=\"gutentor-accordion-icon open-icon fas fa-plus\"><\/i><i class=\"gutentor-accordion-icon close-icon fas fa-minus\"><\/i><h3 class=\"gutentor-single-item-title\"><strong>Special Groups<\/strong><\/h3><\/div><div class=\"gutentor-accordion-body\"><p class=\"gutentor-single-item-desc\">&#8211; B2C: Grupos de at\u00e9 4 pessoas no mesmo n\u00edvel de aprendizado e comunica\u00e7\u00e3o em ingl\u00eas, anualmente abrimos grupos B\u00e1sico 1 em car\u00e1ter acess\u00edvel, com o objetivo de troca, inclus\u00e3o e pluralidade. #Togetherwecan!\u00a0<br>Estamos alinhados aos \u201cObjetivos de Desenvolvimento Sustent\u00e1vel\u201d das Na\u00e7\u00f5es Unidas.<br><br>&#8211; B2B: Trabalhamos ainda sob demanda customizada em treinamentos e aulas regulares para clientes B2B. Gostaria de esculpir um curso para sua empresa? Fale conosco.<br><\/p><\/div><\/div><\/div><\/div><\/div><\/div><\/div><\/section>\n\n\n\n<div class=\"wp-block-columns is-layout-flex wp-container-core-columns-is-layout-8f761849 wp-block-columns-is-layout-flex\">\n<div class=\"wp-block-column is-layout-flow wp-block-column-is-layout-flow\"><\/div>\n\n\n\n<div class=\"wp-block-column is-layout-flow wp-block-column-is-layout-flow\"><\/div>\n\n\n\n<div class=\"wp-block-column is-layout-flow wp-block-column-is-layout-flow\"><\/div>\n\n\n\n<div class=\"wp-block-column is-layout-flow wp-block-column-is-layout-flow\"><\/div>\n<\/div>\n\n\n\n<h2 class=\"has-text-align-center ticss-9a12854f has-text-color wp-block-heading\" id=\"i-wanna-be-a-tutor\" style=\"color:#4971e0;font-size:50px;font-weight:700\"><br>I&nbsp;wanna&nbsp;be&nbsp;a&nbsp;tutor<\/h2>\n\n\n\n<div class=\"wp-block-themeisle-blocks-advanced-columns has-4-columns has-desktop-equal-layout has-tablet-equal-layout has-mobile-collapsedRows-layout has-default-gap has-vertical-unset\" id=\"wp-block-themeisle-blocks-advanced-columns-fc0d6c41\"><div class=\"wp-block-themeisle-blocks-advanced-columns-overlay\"><\/div><div class=\"innerblocks-wrap\">\n<div class=\"wp-block-themeisle-blocks-advanced-column\" id=\"wp-block-themeisle-blocks-advanced-column-0d623b94\"><\/div>\n\n\n\n<div class=\"wp-block-themeisle-blocks-advanced-column\" id=\"wp-block-themeisle-blocks-advanced-column-45795e77\">\n<h2 class=\"has-nv-site-bg-color has-text-color wp-block-heading\"><meta charset=\"utf-8\">Quer ser um tutor freelance? Vamos ver se a gente d\u00e1 match?<\/h2>\n<\/div>\n\n\n\n<div class=\"wp-block-themeisle-blocks-advanced-column\" id=\"wp-block-themeisle-blocks-advanced-column-18fbfbe0\">\n<p class=\"ticss-72167be8 has-nv-site-bg-color has-text-color wp-block-paragraph\">Envie seu CV para <a href=\"mailto:info@englishagile.com.br\">info@englishagile.com.br<\/a> e explique porque voc\u00ea se interessa em se conectar com nossa comunidade como um tutor.<\/p>\n\n\n\n<p class=\"has-nv-site-bg-color has-text-color wp-block-paragraph\">Let\u00b4s keep in touch ; )<\/p>\n<\/div>\n\n\n\n<div class=\"wp-block-themeisle-blocks-advanced-column\" id=\"wp-block-themeisle-blocks-advanced-column-3b0859d7\"><\/div>\n<\/div><\/div>\n\n\n\n<div class=\"wp-block-themeisle-blocks-advanced-columns alignfull has-1-columns has-desktop-equal-layout has-tablet-equal-layout has-mobile-equal-layout has-default-gap has-vertical-unset\" id=\"wp-block-themeisle-blocks-advanced-columns-3d0f292e\"><div class=\"wp-block-themeisle-blocks-advanced-columns-overlay\"><\/div><div class=\"innerblocks-wrap\">\n<div class=\"wp-block-themeisle-blocks-advanced-column\" id=\"wp-block-themeisle-blocks-advanced-column-25b34813\">\n<h2 id=\"wp-block-themeisle-blocks-advanced-heading-514c7128\" class=\"wp-block-themeisle-blocks-advanced-heading wp-block-themeisle-blocks-advanced-heading-514c7128\">CONTATO<\/h2>\n\n\n\n<div class=\"wp-block-columns is-layout-flex wp-container-core-columns-is-layout-8f761849 wp-block-columns-is-layout-flex\">\n<div class=\"wp-block-column is-layout-flow wp-block-column-is-layout-flow\">\n<div class=\"wp-block-image\"><figure class=\"aligncenter size-large\"><img loading=\"lazy\" decoding=\"async\" width=\"1024\" height=\"880\" src=\"https:\/\/englishagile.com.br\/home\/wp-content\/uploads\/2021\/10\/img_contato-1024x880.png\" alt=\"\" class=\"wp-image-391\" srcset=\"https:\/\/englishagile.com.br\/home\/wp-content\/uploads\/2021\/10\/img_contato-1024x880.png 1024w, https:\/\/englishagile.com.br\/home\/wp-content\/uploads\/2021\/10\/img_contato-300x258.png 300w, https:\/\/englishagile.com.br\/home\/wp-content\/uploads\/2021\/10\/img_contato-768x660.png 768w, https:\/\/englishagile.com.br\/home\/wp-content\/uploads\/2021\/10\/img_contato-1536x1321.png 1536w, https:\/\/englishagile.com.br\/home\/wp-content\/uploads\/2021\/10\/img_contato-2048x1761.png 2048w\" sizes=\"auto, (max-width: 1024px) 100vw, 1024px\" \/><\/figure><\/div>\n<\/div>\n\n\n\n<div class=\"wp-block-column is-layout-flow wp-block-column-is-layout-flow\">\n<div class=\"wp-block-image\"><figure class=\"aligncenter size-full is-resized\"><img loading=\"lazy\" decoding=\"async\" src=\"https:\/\/englishagile.com.br\/home\/wp-content\/uploads\/2021\/10\/logo.png\" alt=\"\" class=\"wp-image-329\" width=\"209\" height=\"166\"\/><\/figure><\/div>\n\n\n\n<p class=\"has-text-align-center has-text-color wp-block-paragraph\" style=\"color:#648cfc\">Telefone: +55 11 93226-3763<\/p>\n\n\n\n<p class=\"has-text-align-center animated bounceIn has-text-color wp-block-paragraph\" style=\"color:#648cfc\">Email: <a href=\"mailto:info@englishagile.com.br\" target=\"_blank\" rel=\"noreferrer noopener\">info@englishagile.com.br<\/a><br>Instagram: <a href=\"http:\/\/www.instagram.com\/@english_agile\">@english_agile&nbsp;<\/a><\/p>\n<\/div>\n<\/div>\n<\/div>\n<\/div><\/div>\n","protected":false},"excerpt":{"rendered":"<p>_ I&nbsp;wanna&nbsp;be&nbsp;a&nbsp;tutor<\/p>\n","protected":false},"author":1,"featured_media":0,"parent":0,"menu_order":0,"comment_status":"closed","ping_status":"closed","template":"page-templates\/template-pagebuilder-full-width.php","meta":{"_crdt_document":"","neve_meta_sidebar":"left","neve_meta_container":"","neve_meta_enable_content_width":"on","neve_meta_content_width":100,"neve_meta_title_alignment":"","neve_meta_author_avatar":"","neve_post_elements_order":"","neve_meta_disable_header":"off","neve_meta_disable_footer":"","neve_meta_disable_title":"","_themeisle_gutenberg_block_has_review":false,"footnotes":""},"class_list":["post-92","page","type-page","status-publish","hentry"],"_links":{"self":[{"href":"https:\/\/englishagile.com.br\/home\/wp-json\/wp\/v2\/pages\/92","targetHints":{"allow":["GET"]}}],"collection":[{"href":"https:\/\/englishagile.com.br\/home\/wp-json\/wp\/v2\/pages"}],"about":[{"href":"https:\/\/englishagile.com.br\/home\/wp-json\/wp\/v2\/types\/page"}],"author":[{"embeddable":true,"href":"https:\/\/englishagile.com.br\/home\/wp-json\/wp\/v2\/users\/1"}],"replies":[{"embeddable":true,"href":"https:\/\/englishagile.com.br\/home\/wp-json\/wp\/v2\/comments?post=92"}],"version-history":[{"count":91,"href":"https:\/\/englishagile.com.br\/home\/wp-json\/wp\/v2\/pages\/92\/revisions"}],"predecessor-version":[{"id":408,"href":"https:\/\/englishagile.com.br\/home\/wp-json\/wp\/v2\/pages\/92\/revisions\/408"}],"wp:attachment":[{"href":"https:\/\/englishagile.com.br\/home\/wp-json\/wp\/v2\/media?parent=92"}],"curies":[{"name":"wp","href":"https:\/\/api.w.org\/{rel}","templated":true}]}}